ppose 0 = 4*k - 9*k + r. Calculate the highest common factor of k and 48.
16
Suppose -3*z + 411 = 3*j - 0*z, -4*z = -j + 127. Calculate the greatest common factor of j and 15.
15
Suppose -3 = -p, 13 + 7 = 2*w + 4*p. Let b be (-14)/(-10) - 2/5. Calculate the highest common divisor of w and b.
1
Let v = 9 - 4. Let h be (-9)/(-15) - (-4)/10. What is the greatest common divisor of h and v?
1
Let y be 40/3*(-9)/(-6). Let k be 40/6*1*3. Calculate the greatest common divisor of k and y.
20
Let z(m) = m**2 + 9*m + 29. Let n be z(-6). Suppose 4*v - 4*y - 390 = -2*y, -y - 294 = -3*v. What is the highest common divisor of v and n?
11
Let n(c) = -41*c**2 + 2*c - 1. Let l be n(-3). Let x be l/(-9) + 6/27. What is the highest common factor of 21 and x?
21
Suppose -2*i = -12 - 14. Let o = -2 + 3. Let a(m) = 131*m - 1. Let l be a(o). Calculate the greatest common factor of i and l.
13
Let k = 77 - 140. Let s be k/6*(-12)/18. Calculate the greatest common factor of 28 and s.
7
Suppose 3*w - 90 = -2*w. Let j be (-1)/2 + w/4. What is the highest common factor of j and 6?
2
Suppose -5*z + z + 40 = 0. Calculate the greatest common divisor of 5 and z.
5
Suppose 0 = 8*a - 4*a - 192. Suppose 3*p = -p + a. What is the greatest common factor of p and 48?
12
Let g be -24*(-3 + 0)/6. Suppose 5*l + 5*o = -7 + 2, 0 = 3*l + 2*o. Let b be ((-4)/(-12))/(l/24). What is the highest common divisor of b and g?
4
Let t be (-1 - 1)/((-6)/9). Let y be t - (1 + -1*2). Suppose 2*m + 28 = y*m. Calculate the greatest common divisor of 56 and m.
14
Suppose 3*u - l - 6 = 0, -4*u - 2*l = -u + 3. What is the greatest common factor of 8 and u?
1
Suppose 0*t - 4*t + 8 = 3*y, -2*t - 22 = -5*y. Let w(q) = -q**2 + 4*q + 1. Let z be w(y). What is the greatest common divisor of 1 and z?
1
Let c = 10 - 7. Suppose c*z - z = 18. Calculate the greatest common divisor of z and 36.
9
Suppose -5*i + k = -275, -6*i - k = -2*i - 229. Suppose -10*x - 14 = -12*x. Calculate the highest common factor of x and i.
7
Suppose -4*j + 30 = -66. Let g = -4 + j. Calculate the highest common factor of g and 5.
5
Let n(t) = -2*t**3 + 3*t**2 + t. Let c be n(-2). Suppose 0 = -3*k + 5*j + 176, -k = 4*j - 7*j - 64. What is the greatest common divisor of k and c?
26
Let l = 60 - 35. Suppose -h - l = -2*h. Let p = 33 - 23. What is the highest common divisor of p and h?
5
Let d(k) be the third derivative of -2*k**2 + 0 - 1/12*k**4 + 0*k + 1/30*k**5 + 1/6*k**3. Let f be d(1). Calculate the highest common factor of f and 3.
1
Let w(d) = -d**3 + d**2 + 4*d - 3. Let b be w(2). Let p be (-33)/(-9) + b/3. What is the greatest common divisor of 2 and p?
2
Let k(n) = -n**3 + 2*n**2 - 4*n + 306. Let g be k(0). Calculate the greatest common factor of g and 18.
18
Let a(u) = -u**2 + 4*u + 3. Let x be a(4). Suppose -x*r = -7*r. Suppose r = 6*t - t - 275. What is the greatest common factor of 22 and t?
11
Suppose 3*x = 3*u - x - 61, -4*x = 2*u - 14. Suppose -2*v = v - u. Suppose -14 = -b - v. What is the highest common divisor of b and 9?
9
Let u be (-94)/(-8) + (-1)/(-4). Suppose -3*i - 2 = -8. Suppose -3*g - i*g = -40. What is the greatest common factor of u and g?
4
Let s = -2 - 80. Let u be (-3)/12 + s/(-8). Let j(r) = r + 9. Let o be j(-5). Calculate the greatest common factor of o and u.
2
Let g(s) = -3*s - 1. Let v be g(-1). Suppose 47 = v*r - d + 6, -r + d = -21. Let a be 30 + (0 - 0)/(-2). Calculate the greatest common factor of a and r.
10
Suppose 2*y - 8 = -i, 3*i = -i + 16. Suppose -3*c + 4*c = 3. What is the highest common divisor of c and y?
1
Suppose -5*c - 49 = -219. Calculate the greatest common divisor of c and 170.
34
Suppose -5*w + 2*b + 75 = 0, 2*b + 70 = 5*w + b. Suppose -d = 2*d. Let u be (d + 12)/3*13. Calculate the highest common factor of w and u.
13
Let c = -3 + 9. Suppose -2*m + 36 = 2*x - 6*m, -5*m = 15. What is the greatest common divisor of x and c?
6
Let p = -2 - 2. Let l = -6 - p. Let v be 1*l - (-90 + -3). Calculate the greatest common divisor of 13 and v.
13
Let a = -11 - -76. Suppose 2*z + 5*z - 91 = 0. What is the highest common factor of z and a?
13
Suppose -4*t = 2*k - 694, 0 = -4*k - 0*k + 3*t + 1355. Let m = -208 + k. Calculate the highest common divisor of m and 19.
19
Suppose 2*r + 6 - 18 = 0. What is the greatest common factor of 24 and r?
6
Let m be (-2 - -113) + 1 + 0. Suppose -33*p + 112 = -26*p. What is the highest common factor of p and m?
16
Suppose -2*x = -6*x + 32. Calculate the greatest common divisor of 8 and x.
8
Let y(d) = -d**2 - 19*d - 9. Let u be y(-18). Calculate the highest common factor of u and 81.
9
Let x(f) = f**3 - 13*f**2 - 4*f - 5. Let p be x(14). Calculate the highest common factor of p and 15.
15
Suppose 2*f = -27 + 39. What is the highest common factor of 3 and f?
3
Let i be 8/6*12/8*21. What is the greatest common divisor of i and 210?
42
Let z = 6 - 3. Let r = -12 + 22. Let m be (r/4 + -2)*66. Calculate the highest common divisor of m and z.
3
Let a(w) be the first derivative of w**4/4 - w**3/3 - 3*w**2/2 + 2*w - 5. Let u be a(5). What is the greatest common factor of u and 29?
29
Let q = 11 + 8. What is the greatest common factor of q and 95?
19
Suppose -2*f + 12 = 2*w, -5*f = -0*f - 4*w + 6. Suppose x = f*x - 16. Calculate the highest common divisor of 16 and x.
16
Let z(m) = -21*m - 5. Let r be z(-6). Calculate the highest common factor of 11 and r.
11
Suppose -4*a + 26 = 6. Let z be 6/15 - 12/a. Let i be 3/z*34/(-1). What is the highest common divisor of i and 34?
17
Suppose 39 = 2*u - 43. Suppose 5*g + 2*n - 205 = 17, -g = -3*n - u. What is the highest common divisor of 11 and g?
11
Let f be 2 + (-3)/6*-338. Suppose 0 = 4*q - a - f, a = -2*q - 0*a + 81. Let z = q + 2. What is the greatest common factor of z and 4?
4
Suppose 0 = k - 5 + 3. Suppose 5*d + 37 + 1 = 4*l, -k*l + 5*d + 24 = 0. Calculate the highest common factor of l and 49.
7
Let z(v) = 4*v. Let t be z(4). What is the greatest common divisor of 8 and t?
8
Let f = 197 + -117. Let l be (-1 + -5)/((-12)/(-8)). Let y(b) = b**3 + 5*b**2 + b + 4. Let s be y(l). Calculate the greatest common factor of s and f.
16
Let w = 63 - -1. What is the highest common divisor of 8 and w?
8
Let u(r) = -6*r - 28. Let b be u(-5). Calculate the highest common divisor of b and 2.
2
Suppose -w + 8 = i, -4*w - 8 = -5*i - w. Suppose 0 = i*n + 3*q - 181, 2*n + 5*q = -n + 122. What is the highest common divisor of 7 and n?
7
Suppose 9 = 4*x + 1. Let b = x + 4. Suppose -4*i + 58 - b = 0. Calculate the greatest common factor of i and 104.
13
Let w(g) = g + 45. Let l be w(0). Calculate the greatest common factor of l and 18.
9
Let f be 26*-6*1/(-3). Let v be (f - 0)*(-2)/(-4). Calculate the greatest common divisor of 39 and v.
13
Let x = -28 - -39. What is the highest common divisor of 121 and x?
11
Let d(k) be the third derivative of -2*k**2 + 0*k - 1/60*k**5 + 0 + 1/6*k**3 - 1/4*k**4. Let r be d(-3). Calculate the highest common divisor of 15 and r.
5
Let k(n) = n**3 - 4*n**2 + 6*n - 6. Let f be k(5). Suppose -3*i = -0*i - 21. Calculate the highest common factor of i and f.
7
Let r(t) = -3*t - 6. Let c be r(-4). Let q be 14/6 + 6/(-18). Suppose 2*p = -3*j + p + 19, 5*j - 28 = q*p. Calculate the highest common factor of c and j.
6
Let o be 628/7 - (-12)/42. Suppose -y + o = 4*y. Calculate the highest common divisor of 2 and y.
2
Let j(v) = -v**3 + 8*v**2 - 7*v - 1. Let f be j(5). Let r = -31 + 44. Calculate the greatest common factor of r and f.
13
Let b(t) = 40*t + 17. Let r be b(7). Calculate the greatest common factor of 27 and r.
27
Let f = -59 - -63. Calculate the greatest common factor of 4 and f.
4
Let t = -4 + 6. Suppose 3*f - t*l = 50 - 13, 3*l = 3. What is the greatest common divisor of 91 and f?
13
Suppose 2*q - 2 = 3*q. Let i be -9 + 0 + (q - 1). Let g be 7 - 0 - i/4. Calculate the highest common divisor of 50 and g.
10
Suppose 5*m - l - 51 = 19, 4*m + 4*l - 32 = 0. Calculate the greatest common divisor of 39 and m.
13
Let f be (-4)/16 + 122/8. Let j = f + -10. Calculate the greatest common factor of 10 and j.
5
Let f(y) be the second derivative of -y**5/20 + 3*y**4/4 - y**3/6 + 2*y**2 - y. Let w be f(5). What is the highest common divisor of w and 9?
9
Suppose -113 + 36 = -7*w. What is the greatest common divisor o